y z(47)?
8
Suppose 3*l - 4*z = -2*z + 10, -z - 7 = -2*l. Let c be (11 - -1)/2 - (-98 - -91). Suppose -l*y + c = -3. What is the remainder when y is divided by 2?
0
Suppose 2*p = -3*r, -2*r = -0*p + 2*p. Let o = 23 - p. Suppose -m = 2*u - 87, -u + 2*u = -5*m + 444. What is the remainder when m is divided by o?
20
Let a = 57 + -40. Suppose 5*j = 3*z - z + 20, 0 = 3*j + 5*z - 43. What is the remainder when a is divided by j?
5
Suppose -2*z = -k + z + 43, -3*z - 12 = 0. Let t be (-38)/(-14) - 16/(-56). Let m = t - -5. What is the remainder when k is divided by m?
7
Suppose 400 = 2*y - h, 5*y - 2*h + 210 = 6*y. What is the remainder when y is divided by 46?
18
Let g = -10 + 3. Let w be g - -4 - 6/(-1). Suppose 21 = -z + 2*z + 4*q, z + w*q - 17 = 0. What is the remainder when 19 is divided by z?
4
Let o(f) = -f**3 - 17*f**2 - 18*f - 29. Let t be o(-16). Suppose -t*h + 22 = m, -18 = -2*h - m + 2*m. What is the remainder when 22 is divided by h?
6
Suppose -50*n = -20*n - 180. Calculate the remainder when 24 is divided by n.
0
Let b(g) = -5*g**3 + 62*g**2 - 66*g - 3. What is the remainder when 137 is divided by b(11)?
19
Suppose 44 - 67 = -g. Calculate the remainder when 62 is divided by g.
16
Suppose -4*l - 4*x + 0 = -84, 4*l = x + 89. Let b(g) = g**2 - g + 2. Let r be b(2). Suppose -r*z + 36 = -z. What is the remainder when l is divided by z?
10
Suppose -3*y - 18 = y - 3*v, 6 = 3*v. Let l = y - -25. What is the remainder when 63 is divided by l?
19
Suppose -2*d + 9*h - 8*h + 127 = 0, -h = 4*d - 239. Calculate the remainder when d is divided by 86/6 + (-4)/3.
9
Suppose 6 = -2*a, -a + 2*a - 101 = -4*y. Let g(i) = -45*i - 216. What is the remainder when g(-7) is divided by y?
21
Suppose 0 = -10*c + 7*c. Suppose c = t - 4*t + 51. What is the remainder when 31 is divided by t?
14
Suppose -7*d = -3*d - 68. Let n be 3 + (-2 - -4 - -78). Let b = n + -17. What is the remainder when b is divided by d?
15
Calculate the remainder when (0 + 4)*(-25610)/(-520) is divided by 51.
44
Suppose 0*c - 3*c = -15. Suppose c*w = 0, -w + 41 = -b + w. Let l = 68 + b. What is the remainder when 52 is divided by l?
25
Let j = -10 - -77. Let p = 128 - j. Let d = -32 + 53. Calculate the remainder when p is divided by d.
19
Let g be -3 + 2 - (2 + -5). Suppose -v + 2*v - l = 27, -3*l - 53 = -g*v. Let q = 155 + -145. What is the remainder when v is divided by q?
8
Let j(z) = -z**3 + 13. Suppose 0 = 5*y - 15, -4*i + i = y - 18. What is the remainder when j(0) is divided by i?
3
Let j(f) = -14*f**3 + 3*f**2 - 6*f - 8. Calculate the remainder when 643 is divided by j(-1).
13
Suppose -3*p - 4 = 62. Let i be (-45)/(-4) + (217/28 - 8). Let b = i - p. Calculate the remainder when b is divided by 12.
9
Let v(s) = -3 - 1 + 5*s + 2. Let j be (-77)/(-1 - 10) - (1 - -3). Calculate the remainder when 50 is divided by v(j).
11
Suppose -18*m + 16*m + 630 = 0. What is the remainder when m is divided by 64?
59
Let v = -108 - -2. Let t = v - -140. Calculate the remainder when t is divided by 19.
15
Calculate the remainder when (60/8)/5*1788/18 is divided by 75.
74
Let p be (-1)/((-116)/28 - -4). Suppose -2*c = -1 - 7. What is the remainder when p - ((-8 - -1) + 4) is divided by c?
2
Let l(j) = 2*j + 32. Calculate the remainder when l(-7) is divided by 2.
0
Suppose -8 = l + 8. Let o = l - -86. What is the remainder when o is divided by 18?
16
Let m be 37/((-5)/(-4 + -1)). Suppose 5*n = m + 3. Calculate the remainder when (-2)/(-4) - 50/(-4) is divided by n.
5
Suppose 6 = 2*y - 4. Suppose 3*g = -y*i + 13, -27 = -3*i - 0*i + 3*g. What is the remainder when -1 - (3 - i) - -3 is divided by 3?
1
Suppose -32*w = -60*w + 6104. Calculate the remainder when w is divided by 85.
48
Let o be 3 - (-46 + 3 + -6). Suppose 0 = -8*z + 4*z + o. Let n = 24 - z. Calculate the remainder when 42 is divided by n.
9
Suppose -m + 6*m - 370 = -2*c, 5*m = -5*c + 385. Suppose m = -4*f + 13*f. What is the remainder when 9 is divided by f?
1
Calculate the remainder when -8 + (-3955)/((-28)/4) is divided by 10.
7
Suppose -5*n - 522 = 4*n. Let k = n + 152. Calculate the remainder when k is divided by 19.
18
Let i(p) = 2*p**2 + 3*p + 6. Let o = 1164 - 1154. Calculate the remainder when i(-4) is divided by o.
6
Suppose 1 + 4 = t. Suppose -2*s = 4, -3 = -3*p - t*s - 1. Let u = -701 + 715. What is the remainder when u is divided by p?
2
Calculate the remainder when 318 is divided by ((-4)/38 - (-2208)/(-684))*-6.
18
Suppose 0 = -c - 3*u + 7*u + 28, -5*u - 25 = 0. What is the remainder when 365 is divided by c?
5
Let n be (-98)/(-34) + -3 - 520/(-85). Calculate the remainder when 125 is divided by 1/n - 380/(-24).
13
Suppose 2*v - 65 = 5*a + 83, -2*a + 222 = 3*v. Calculate the remainder when v is divided by 11.
8
Let g(b) = -2*b. Suppose 3*m = 290 + 34. Suppose -y = 4*s + 3*y - m, 3*s - y - 65 = 0. What is the remainder when s is divided by g(-4)?
7
Let y = -502 - -507. What is the remainder when 614 is divided by y?
4
Let l = 1 + 1. Suppose -19 = -5*b + i, 0 = l*b - b - i - 3. Suppose 3*v - 113 = -b*h - 39, -5*v = 3*h - 61. What is the remainder when 32 is divided by h?
15
What is the remainder when ((-6)/4)/((-9)/1812) is divided by 17?
13
Suppose 0 = 4*h - h - 18. Let f(q) = q**2 - 4*q + 6. Suppose -2*o = -4*n - 154, 2*o + 3*n = -0*o + 133. Calculate the remainder when o is divided by f(h).
17
Let y be ((-9)/3 - -3)/(-1). Suppose 2*h - 75 = -3*a, -4*a + 93 = -y*a + 5*h. Let p(l) = l**2 + 30*l + 70. Calculate the remainder when a is divided by p(-28).
13
Suppose -2*w - 5*k + 360 = 3*w, 4*k + 244 = 3*w. What is the remainder when w is divided by (-1498)/(-126) - (-30)/27?
11
Let i(y) = -2*y**2 - 16*y - 18. Suppose 2*g = 4*h + 64, h = -0*g - g + 35. What is the remainder when g is divided by i(-5)?
10
Let q(u) = -4 + 2*u**2 - 4 + 5 + 5. Suppose -2*v - 5 = 3*v, 1 = -3*l + 5*v. What is the remainder when 37 is divided by q(l)?
7
Let d = 30 + -26. Suppose -4*h - d*n = -56, -1 + 13 = h - n. Calculate the remainder when 37 is divided by h.
11
Suppose 2246 = 67*y - 769. Calculate the remainder when y is divided by 34.
11
Let d(r) = r + 108. Calculate the remainder when d(0) is divided by 55/((-7)/98*-14).
53
Suppose 152 - 20 = 11*g. Calculate the remainder when 191 is divided by g.
11
Let h(x) = 15*x**2 + 69*x - 17. What is the remainder when h(-7) is divided by 7?
4
Suppose 6761 = 24*h - 79. Calculate the remainder when h is divided by 24.
21
Let t = -678 + 704. What is the remainder when 51 is divided by t?
25
Suppose 4*y + 27 - 39 = 0. Suppose y - 9 = -b + 2*o, 0 = -3*b - o + 53. Calculate the remainder when 61 is divided by b.
13
Suppose 0 = 2*b + b + 3*q - 36, -8 = b - 3*q. What is the remainder when 132 is divided by b?
6
Suppose 47*c - 3*c - 3784 = 0. Calculate the remainder when 1203 is divided by c.
85
Let d be 2/(-7) - 1236/(-14). Let o be (-1)/2 + 65/26. Suppose o*l - d = 16. Calculate the remainder when l is divided by 18.
16
Let v(q) = 3*q**3 + 22*q**2 + q - 19. Calculate the remainder when 113 is divided by v(-7).
21
Let q = 44 - 26. Suppose -15*l = -20*l + 520. Let i = 174 - l. What is the remainder when i is divided by q?
16
Let l(b) = b**3 - b**2 - 3*b - 2. Let j(g) = 3*g**2 + 12*g + 13. Let o be j(-6). Let x = -30 + o. What is the remainder when x is divided by l(3)?
5
Let l = -1678 - -1746. What is the remainder when l is divided by 26?
16
Let i(t) = -22*t - 1. Let o(x) be the first derivative of -x**4/4 - x**3 + x**2 + 1. What is the remainder when i(-1) is divided by o(-4)?
5
Let z = 20 - -67. What is the remainder when z is divided by 3?
0
Suppose -4*v - 310 = -2*w, 0*v = -w + 3*v + 154. Let p(j) = 20*j**2. What is the remainder when w is divided by p(-1)?
17
Let t = 39 - 88. Let i = t - -69. Calculate the remainder when 76 is divided by i.
16
Suppose 9*a - 1412 = 1585. What is the remainder when a is divided by 26?
21
Let j be (4 + (4 - 56))*-1. Let s = j - 25. Calculate the remainder when s is divided by 6.
5
Let v(w) = -w**3 - 7*w**2 + 21*w + 175. Suppose 5*q = 739 - 164. What is the remainder when q is divided by v(-6)?
11
Suppose 5*m + 27 = 202. Calculate the remainder when ((-4)/(-6))/((-4)/(-1584)*4) is divided by m.
31
Let d be 4/1*7/2. Suppose 17*f + 55 - 191 = 0. Let c = d - f. What is the remainder when 16